1?
False
Does 18 divide 17604?
True
Is 18 a factor of 703?
False
Is 1013 a multiple of 10?
False
Is 420 a multiple of 10?
True
Is 1478 a multiple of 8?
False
Is 60 a factor of 186?
False
Is 17 a factor of 53351?
False
Is 13098 a multiple of 89?
False
Does 9 divide 67?
False
Is 33 a factor of 1155?
True
Is 34 a factor of 680?
True
Is 27 a factor of 378?
True
Does 6 divide 102?
True
Is 1144 a multiple of 8?
True
Is 13662 a multiple of 99?
True
Is 105 a multiple of 4?
False
Is 8 a factor of 1185?
False
Does 16 divide 39056?
True
Is 71 a factor of 1065?
True
Is 6 a factor of 9426?
True
Is 3 a factor of 2882?
False
Does 18 divide 804?
False
Does 113 divide 4520?
True
Is 2 a factor of 1563?
False
Does 17 divide 8194?
True
Does 48 divide 25259?
False
Is 4 a factor of 185?
False
Is 3831 a multiple of 8?
False
Does 79 divide 1720?
False
Does 120 divide 39963?
False
Does 14 divide 73?
False
Is 78 a factor of 3198?
True
Is 75 a factor of 6300?
True
Is 19 a factor of 1140?
True
Does 68 divide 10020?
False
Does 43 divide 610?
False
Does 30 divide 1140?
True
Is 48 a factor of 32496?
True
Is 50 a factor of 9050?
True
Does 4 divide 200?
True
Does 9 divide 167?
False
Is 4 a factor of 23?
False
Is 42987 a multiple of 4?
False
Does 24 divide 7488?
True
Is 17 a factor of 453?
False
Is 32 a factor of 22525?
False
Is 30474 a multiple of 7?
False
Does 40 divide 1560?
True
Is 14 a factor of 35623?
False
Is 2087 a multiple of 6?
False
Is 2552 a multiple of 3?
False
Does 15 divide 2235?
True
Is 10 a factor of 14250?
True
Does 5 divide 940?
True
Is 32 a factor of 2848?
True
Is 54 a factor of 1068?
False
Is 216 a factor of 18144?
True
Is 84 a factor of 5628?
True
Does 14 divide 2229?
False
Does 6 divide 6916?
False
Does 6 divide 522?
True
Is 76800 a multiple of 12?
True
Does 277 divide 13800?
False
Is 38 a factor of 12458?
False
Is 26 a factor of 8468?
False
Is 75 a factor of 1725?
True
Is 4840 a multiple of 242?
True
Does 12 divide 526?
False
Is 11 a factor of 79?
False
Does 9 divide 1037?
False
Does 144 divide 22292?
False
Is 399 a multiple of 6?
False
Is 134 a multiple of 2?
True
Does 94 divide 120350?
False
Is 36 a factor of 1224?
True
Is 39 a factor of 2075?
False
Does 52 divide 14827?
False
Does 38 divide 371?
False
Is 34275 a multiple of 11?
False
Does 37 divide 1443?
True
Is 4628 a multiple of 52?
True
Is 260 a multiple of 5?
True
Does 108 divide 10476?
True
Is 120 a factor of 2280?
True
Is 3 a factor of 3?
True
Is 83 a factor of 31699?
False
Is 123 a multiple of 41?
True
Is 746 a multiple of 36?
False
Is 598 a multiple of 4?
False
Is 8 a factor of 2096?
True
Is 1023 a multiple of 31?
True
Does 18 divide 4689?
False
Is 24095 a multiple of 137?
False
Is 13806 a multiple of 39?
True
Is 5280 a multiple of 220?
True
Does 187 divide 51799?
True
Is 56 a factor of 1008?
True
Is 2674 a multiple of 40?
False
Does 70 divide 700?
True
Is 60 a factor of 2215?
False
Is 1246 a multiple of 7?
True
Is 62 a factor of 18573?
False
Is 49317 a multiple of 10?
False
Is 1320 a multiple of 11?
True
Is 755 a multiple of 92?
False
Is 28 a factor of 439?
False
Is 44170 a multiple of 14?
True
Is 33 a factor of 99?
True
Does 10 divide 1670?
True
Is 5724 a multiple of 18?
True
Is 5880 a multiple of 30?
True
Does 84 divide 14625?
False
Does 67 divide 23309?
False
Does 21 divide 168?
True
Does 34 divide 15164?
True
Does 20 divide 433?
False
Is 30 a factor of 150?
True
Is 6227 a multiple of 2?
False
Does 163 divide 131541?
True
Is 552 a multiple of 46?
True
Does 33 divide 1782?
True
Does 26 divide 2512?
False
Is 90 a factor of 1283?
False
Is 324 a multiple of 11?
False
Does 12 divide 8604?
True
Does 18 divide 3138?
False
Does 5 divide 3865?
True
Is 48 a factor of 1881?
False
Is 13 a factor of 200?
False
Is 30360 a multiple of 60?
True
Does 23 divide 598?
True
Is 19 a factor of 19760?
True
Is 49 a factor of 93168?
False
Is 4 a factor of 711?
False
Is 15 a factor of 1103?
False
Does 29 divide 8381?
True
Does 30 divide 8618?
False
Is 196 a multiple of 28?
True
Is 12 a factor of 138360?
True
Does 74 divide 22495?
False
Is 11 a factor of 17988?
False
Is 23 a factor of 126?
False
Does 16 divide 6124?
False
Is 15 a factor of 720?
True
Is 228 a multiple of 3?
True
Does 31 divide 310?
True
Is 283 a factor of 131704?
False
Does 26 divide 19318?
True
Is 3712 a multiple of 53?
False
Does 15 divide 690?
True
Does 93 divide 6882?
True
Is 23801 a multiple of 6?
False
Is 234 a multiple of 26?
True
Does 42 divide 3109?
False
Is 17 a factor of 238?
True
Is 85 a factor of 2550?
True
Is 57040 a multiple of 31?
True
Does 17 divide 33252?
True
Is 13 a factor of 598?
True
Is 116 a multiple of 4?
True
Is 4080 a multiple of 24?
True
Is 6864 a multiple of 8?
True
Is 723 a multiple of 26?
False
Is 166 a factor of 7212?
False
Is 127 a factor of 5715?
True
Is 408 a multiple of 31?
False
Is 20 a factor of 1620?
True
Is 8 a factor of 192?
True
Is 1400 a multiple of 14?
True
Is 18 a factor of 32766?
False
Is 33 a factor of 7528?
False
Does 226 divide 1094?
False
Is 35 a factor of 826?
False
Is 47 a factor of 10387?
True
Is 3360 a multiple of 21?
True
Is 11 a factor of 1031?
False
Is 6 a factor of 134?
False
Does 29 divide 25694?
True
Is 4465 a multiple of 16?
False
Is 71833 a multiple of 162?
False
Is 76 a factor of 26657?
False
Is 8839 a multiple of 17?
False
Is 108 a multiple of 41?
False
Is 3 a factor of 642?
True
Is 1330 a multiple of 4?
False
Is 56 a factor of 875?
False
Does 5 divide 535?
True
Is 2613 a multiple of 3?
True
Is 38 a factor of 31920?
True
Does 42 divide 1050?
True
Is 30995 a multiple of 5?
True
Is 199 a factor of 6169?
True
Is 42687 a multiple of 27?
True
Does 55 divide 1100?
True
Is 40 a factor of 1022?
False
Is 3 a factor of 235?
False
Is 17332 a multiple of 180?
False
Is 47 a factor of 82376?
False
Is 1184 a multiple of 6?
False
Does 16 divide 3945?
False
Is 1967 a multiple of 7?
True
Does 15 divide 36470?
False
Is 35 a factor of 10710?
True
Is 296 a multiple of 8?
True
Is 1147 a multiple of 31?
True
Is 224 a factor of 26432?
True
Is 12 a factor of 4680?
True
Is 116756 a multiple of 202?
True
Does 6 divide 90?
True
Is 83 a factor of 3735?
True
Is 4225 a multiple of 12?
False
Is 1808 a multiple of 15?
False
Is 20 a factor of 7145?
False
Is 31 a factor of 961?
True
Is 261 a multiple of 9?
True
Is 55 a factor of 483?
False
Is 30 a factor of 5130?
True
Does 51 divide 663?
True
Does 49 divide 1071?
False
Does 6 divide 80?
False
Is 55107 a multiple of 27?
True
Is 14 a factor of 4242?
True
Does 119 divide 3598?
False
Is 101 a factor of 3838?
True
Is 160 a factor of 22834?
False
Is 15 a factor of 1433?
False
Is 401 a multiple of 8?
False
Does 53 divide 1131?
False
Is 1320 a multiple of 12?
True
Does 10 divide 970?
True
Is 41 a factor of 23001?
True
Is 14 a factor of 26075?
False
Is 13 a factor of 2301?
True
Does 14 divide 4452?
True
Does 14 divide 4774?
True
Does 100 divide 16300?
True
Does 60 divide 49664?
False
Is 3 a factor of 227?
False
Is 320 a multiple of 40?
True
Is 88 a factor of 2904?
True
Does 4 divide 144?
True
Is 2 a factor of 5?
False
Is 94 a factor of 3727?
False
Does 196 divide 29256?
False
Is 39 a factor of 22503?
True
Is 68 a factor of 136?
True
Is 19012 a multiple of 28?
True
Does 47 divide 13395?
True
Does 33 divide 20648?
False
Does 100 divide 200?
True
Does 8 divide 405?
False
Is 43 a factor of 946?
True
Is 1502 a multiple of 11?
False
Is 35 a factor of 875?
True
Does 25 divide 12566?
False
Is 8 a factor of 657?
False
Is 133 a multiple of 19?
True
Does 7 divide 4811?
False
Is 25810 a multiple of 29?
True
Is 1497 a multiple of 4?
False
Is 144911 a multiple of 16?
False
Does 24 divide 72?
True
Is 8573 a multiple of 2?
False
Is 215 a multiple of 6?
False
Is 660 a multiple of 55?
True
Does 4 divide 2099?
False
Does 49 divide 3007?
False
Is 5 a factor of 49?
False
Does 57 divide 696?
False
Does 18 divide 10941?
False
Does 65 divide 2210?
True
Is 6 a factor of 1188?
True
Is 9 a factor of 2520?
True
Does 101 divide 64135?
True
Is 8395 a multiple of 115?
True
Is 77 a factor of 1386?
True
Is 431 a multiple of 71?
False
Is 134 a multiple of 2?
True
Does 2 divide 445?
False
Does 65 divide 9480?
False
Is 34 a factor of 11764?
True
Does 19 divide 41993?
False
Does 24 divide 504?
True
Does 102 divid